{"id":40,"date":"2023-05-09T12:07:27","date_gmt":"2023-05-09T10:07:27","guid":{"rendered":"http:\/\/dropoutprevention.inf.elte.hu\/?page_id=40"},"modified":"2026-04-23T12:17:50","modified_gmt":"2026-04-23T10:17:50","slug":"home","status":"publish","type":"page","link":"http:\/\/dropoutprevention.inf.elte.hu\/","title":{"rendered":"\u00dcdv\u00f6zl\u00fcnk"},"content":{"rendered":"\n<p class=\"has-medium-font-size\">az ELTE Informatikai Kar <strong>Di\u00e1kt\u00e1mogat\u00f3 K\u00f6zpontj\u00e1nak<\/strong> szakmai m\u0171k\u00f6d\u00e9s\u00e9t, kutat\u00e1sait, projekteben val\u00f3 r\u00e9szv\u00e9tel\u00e9t bemutat\u00f3 honlapj\u00e1n.<\/p>\n\n\n\n<p>Amennyiben egy\u00e9ni tan\u00e1csad\u00e1sra jelentkezn\u00e9l be hozz\u00e1nk, a kurzusainkr\u00f3l \u00e9rdekl\u0151dn\u00e9l, vagy \u00e9rtes\u00fclni szeretn\u00e9l leg\u00fajabb programjainkr\u00f3l, keresd fel m\u00e1sik weboldalunkat: <a href=\"https:\/\/dtk.elte.hu\/\" target=\"_blank\" rel=\"noreferrer noopener\">dtk.elte.hu<\/a><\/p>\n\n\n\n<p><strong>Kapcsolat:<\/strong> <a href=\"mailto:dtk@dtk.elte.hu\">dtk@dtk.elte.hu<\/a><\/p>\n\n\n\n<div style=\"height:50px\" aria-hidden=\"true\" class=\"wp-block-spacer\"><\/div>\n\n\n<div class=\"wp-block-image\">\n<figure class=\"aligncenter size-large is-resized\"><img loading=\"lazy\" decoding=\"async\" width=\"1024\" height=\"585\" src=\"http:\/\/dropoutprevention.inf.elte.hu\/wp-content\/uploads\/2023\/11\/2-3-1024x585.png\" alt=\"\" class=\"wp-image-237\" style=\"width:602px;height:auto\" srcset=\"http:\/\/dropoutprevention.inf.elte.hu\/wp-content\/uploads\/2023\/11\/2-3-1024x585.png 1024w, http:\/\/dropoutprevention.inf.elte.hu\/wp-content\/uploads\/2023\/11\/2-3-300x171.png 300w, http:\/\/dropoutprevention.inf.elte.hu\/wp-content\/uploads\/2023\/11\/2-3-768x439.png 768w, http:\/\/dropoutprevention.inf.elte.hu\/wp-content\/uploads\/2023\/11\/2-3-24x14.png 24w, http:\/\/dropoutprevention.inf.elte.hu\/wp-content\/uploads\/2023\/11\/2-3-36x21.png 36w, http:\/\/dropoutprevention.inf.elte.hu\/wp-content\/uploads\/2023\/11\/2-3-48x27.png 48w, http:\/\/dropoutprevention.inf.elte.hu\/wp-content\/uploads\/2023\/11\/2-3.png 1050w\" sizes=\"auto, (max-width: 1024px) 100vw, 1024px\" \/><\/figure>\n<\/div>\n\n\n<p><\/p>\n","protected":false},"excerpt":{"rendered":"<p>az ELTE Informatikai Kar Di\u00e1kt\u00e1mogat\u00f3 K\u00f6zpontj\u00e1nak szakmai m\u0171k\u00f6d\u00e9s\u00e9t, kutat\u00e1sait, projekteben val\u00f3 r\u00e9szv\u00e9tel\u00e9t bemutat\u00f3 honlapj\u00e1n. Amennyiben egy\u00e9ni tan\u00e1csad\u00e1sra jelentkezn\u00e9l be hozz\u00e1nk, a kurzusainkr\u00f3l \u00e9rdekl\u0151dn\u00e9l, vagy \u00e9rtes\u00fclni szeretn\u00e9l leg\u00fajabb programjainkr\u00f3l, keresd fel m\u00e1sik weboldalunkat: dtk.elte.hu Kapcsolat: dtk@dtk.elte.hu<\/p>\n","protected":false},"author":1,"featured_media":0,"parent":0,"menu_order":0,"comment_status":"closed","ping_status":"closed","template":"","meta":{"neve_meta_sidebar":"default","neve_meta_container":"default","neve_meta_enable_content_width":"","neve_meta_content_width":70,"neve_meta_title_alignment":"left","neve_meta_author_avatar":"","neve_post_elements_order":"","neve_meta_disable_header":"off","neve_meta_disable_footer":"","neve_meta_disable_title":"off","footnotes":""},"class_list":["post-40","page","type-page","status-publish","hentry"],"_links":{"self":[{"href":"http:\/\/dropoutprevention.inf.elte.hu\/index.php\/wp-json\/wp\/v2\/pages\/40","targetHints":{"allow":["GET"]}}],"collection":[{"href":"http:\/\/dropoutprevention.inf.elte.hu\/index.php\/wp-json\/wp\/v2\/pages"}],"about":[{"href":"http:\/\/dropoutprevention.inf.elte.hu\/index.php\/wp-json\/wp\/v2\/types\/page"}],"author":[{"embeddable":true,"href":"http:\/\/dropoutprevention.inf.elte.hu\/index.php\/wp-json\/wp\/v2\/users\/1"}],"replies":[{"embeddable":true,"href":"http:\/\/dropoutprevention.inf.elte.hu\/index.php\/wp-json\/wp\/v2\/comments?post=40"}],"version-history":[{"count":17,"href":"http:\/\/dropoutprevention.inf.elte.hu\/index.php\/wp-json\/wp\/v2\/pages\/40\/revisions"}],"predecessor-version":[{"id":286,"href":"http:\/\/dropoutprevention.inf.elte.hu\/index.php\/wp-json\/wp\/v2\/pages\/40\/revisions\/286"}],"wp:attachment":[{"href":"http:\/\/dropoutprevention.inf.elte.hu\/index.php\/wp-json\/wp\/v2\/media?parent=40"}],"curies":[{"name":"wp","href":"https:\/\/api.w.org\/{rel}","templated":true}]}}