{"id":3,"date":"2023-05-06T14:27:22","date_gmt":"2023-05-06T14:27:22","guid":{"rendered":"http:\/\/dropoutprevention.inf.elte.hu\/?page_id=3"},"modified":"2025-03-21T15:35:53","modified_gmt":"2025-03-21T14:35:53","slug":"aboutus","status":"publish","type":"page","link":"http:\/\/dropoutprevention.inf.elte.hu\/index.php\/aboutus\/","title":{"rendered":"Bemutatkoz\u00e1s"},"content":{"rendered":"\n<p class=\"has-medium-font-size\">A Di\u00e1kt\u00e1mogat\u00f3 K\u00f6zpont (r\u00f6viden DTK) c\u00e9lja, hogy az ELTE IK hallgat\u00f3it t\u00e1mogassa tanulm\u00e1nyaik sikeres elv\u00e9gz\u00e9s\u00e9ben. A folyamatos fejl\u0151d\u00e9s \u00e9rdek\u00e9ben, a DTK kutat\u00e1sokat v\u00e9gez, eredm\u00e9nyeit tudom\u00e1nyos foly\u00f3iratokban jelen\u00edti meg.<\/p>\n\n\n\n<p class=\"has-medium-font-size\"><strong>Kutat\u00f3csoport<\/strong><\/p>\n\n\n\n<p><\/p>\n\n\n\n<p>Tak\u00e1cs Rita, PhD, tan\u00e1csad\u00f3 szakpszichol\u00f3gus, a DTK vezet\u0151je<br>Berzsenyi Lili, pszichol\u00f3gus<br>Cseterki Tam\u00e1s, pszichol\u00f3gus<br>Gogibedasvili Anna, pszichol\u00f3gus (Szombathelyi Campus)<br>Gyimesi Benedek, pszichol\u00f3gus, PhD hallgat\u00f3<br>Kolumb\u00e1n P\u00e1l, pszichol\u00f3gus, PhD hallgat\u00f3<br>Mih\u00e1ly Albert, tan\u00e1csad\u00f3 szakpszichol\u00f3gus<br>Nagy Gabriella, pszichol\u00f3gus<br>Nagy Vikt\u00f3ria, munka \u00e9s szervezet szakpszichol\u00f3gus, PhD hallgat\u00f3<br>P\u00e1sztor-Nagy Anett, tan\u00e1csad\u00f3 szakpszichol\u00f3gus<br><br><\/p>\n\n\n\n<p class=\"has-medium-font-size\"><strong>Tev\u00e9kenys\u00e9g\u00fcnk<\/strong><\/p>\n\n\n\n<p>A legt\u00f6bb hallgat\u00f3 el\u0151sz\u00f6r g\u00f3lyak\u00e9nt, a regisztr\u00e1ci\u00f3s h\u00e9ten tal\u00e1lkozhat szervezet\u00fcnkkel, az Egyetemi alapoz\u00f3 \u00e9s tanul\u00e1sm\u00f3dszertani kurzus keret\u00e9ben.&nbsp;A k\u00e9s\u0151bbiekben egy\u00e9ni di\u00e1ktan\u00e1csad\u00e1s vagy valamelyik \u00e1ltalunk szervezett program, szabadon v\u00e1laszthat\u00f3 kurzus keret\u00e9ben lehet tal\u00e1lkozni vel\u00fcnk.<\/p>\n\n\n\n<p>Az&nbsp;<a href=\"https:\/\/dtk.elte.hu\/szolgaltatasaink\/egyeni-tanacsadas\/\">egy\u00e9ni di\u00e1ktan\u00e1csad\u00e1s<\/a>&nbsp;egy olyan szolg\u00e1ltat\u00e1s, ami minden Informatikai Karhoz tartoz\u00f3 hallgat\u00f3 sz\u00e1m\u00e1ra ingyenesen el\u00e9rhet\u0151. Itt egy\u00e9nre szabottan foglalkozunk a hallgat\u00f3kkal.  Az egy\u00e9ni tan\u00e1csad\u00e1s alatt \u00faj n\u00e9z\u0151pontokat kaphatnak ahhoz, hogy sikeresebbek tudjanak lenni, eredm\u00e9nyesebbek a tanulm\u00e1nyaikban, el\u00e9gedettebbek az egyetemi \u00e9let\u00fckben. K\u00f6z\u00f6sen t\u00e9rk\u00e9pezz\u00fck fel azt, hogy miben fejl\u0151dhetnek legink\u00e1bb, legyen sz\u00f3 az \u00e9letvezet\u00e9s (id\u0151gazd\u00e1lkod\u00e1s, halogat\u00e1s), a mag\u00e1n\u00e9let (csal\u00e1d vagy p\u00e1rkapcsolat) vagy tanul\u00e1s ter\u00fclet\u00e9r\u0151l. <\/p>\n\n\n\n<p>Ezen t\u00fal a hallgat\u00f3i k\u00f6z\u00f6ss\u00e9gi \u00e9s szakmai \u00e9let m\u0171k\u00f6d\u00e9s\u00e9t is igyeksz\u00fcnk t\u00e1mogatni. Seg\u00edtj\u00fck a magyar \u00e9s k\u00fclf\u00f6ldi kort\u00e1rs seg\u00edt\u0151k \u00e9s seniorok m\u0171k\u00f6d\u00e9s\u00e9t, tartunk a hallgat\u00f3i \u00e9lethez kapcsol\u00f3d\u00f3 pszichol\u00f3giai t\u00e9m\u00e1kban workshopokat, tr\u00e9ningeket, szabadid\u0151s programokat \u00e9s szabadon v\u00e1laszthat\u00f3 kurzust. Emellett megszervezz\u00fck minden \u00e9v november\u00e9ben a Projektv\u00e1laszt\u00f3 F\u00f3rumot, ahol azokr\u00f3l az egyetemen foly\u00f3 kutat\u00e1sokr\u00f3l inform\u00e1l\u00f3dhatnak a hallgat\u00f3k,  a Mesterk\u00e9pz\u00e9s V\u00e1laszt\u00f3 F\u00f3rumot a karon el\u00e9rhet\u0151 MSc k\u00e9pz\u00e9sekr\u0151l, valamint minden tavaszi f\u00e9l\u00e9v v\u00e9g\u00e9n megrendezz\u00fck az els\u0151 \u00e9vesek specializ\u00e1ci\u00f3v\u00e1laszt\u00e1s\u00e1t seg\u00edt\u0151 Specializ\u00e1ci\u00f3v\u00e1laszt\u00f3 F\u00f3rumot is. Ezekr\u0151l a&nbsp; <a href=\"http:\/\/dtk.elte.hu\">honlapunkon<\/a> \u00e9s&nbsp;<a href=\"https:\/\/www.facebook.com\/diaktanacsado\">facebook oldalunk<\/a>on is t\u00e1j\u00e9koz\u00f3dhatsz.<\/p>\n\n\n<div class=\"wp-block-image\">\n<figure class=\"aligncenter size-full is-resized\"><img loading=\"lazy\" decoding=\"async\" width=\"500\" height=\"500\" src=\"http:\/\/dropoutprevention.inf.elte.hu\/wp-content\/uploads\/2023\/11\/2_program.png\" alt=\"\" class=\"wp-image-200\" style=\"width:246px;height:auto\" srcset=\"http:\/\/dropoutprevention.inf.elte.hu\/wp-content\/uploads\/2023\/11\/2_program.png 500w, http:\/\/dropoutprevention.inf.elte.hu\/wp-content\/uploads\/2023\/11\/2_program-300x300.png 300w, http:\/\/dropoutprevention.inf.elte.hu\/wp-content\/uploads\/2023\/11\/2_program-150x150.png 150w, http:\/\/dropoutprevention.inf.elte.hu\/wp-content\/uploads\/2023\/11\/2_program-24x24.png 24w, http:\/\/dropoutprevention.inf.elte.hu\/wp-content\/uploads\/2023\/11\/2_program-36x36.png 36w, http:\/\/dropoutprevention.inf.elte.hu\/wp-content\/uploads\/2023\/11\/2_program-48x48.png 48w\" sizes=\"auto, (max-width: 500px) 100vw, 500px\" \/><\/figure>\n<\/div>\n\n\n<div style=\"height:50px\" aria-hidden=\"true\" class=\"wp-block-spacer\"><\/div>\n\n\n\n<p class=\"has-medium-font-size\"><strong>Tudj meg t\u00f6bbet tev\u00e9kenys\u00e9geinkr\u0151l, programjainkr\u00f3l!<\/strong><\/p>\n\n\n\n<ul class=\"wp-block-list\">\n<li><a href=\"https:\/\/dtk.elte.hu\/projekt-forum-2023\/\" target=\"_blank\" rel=\"noreferrer noopener\">Projekt F\u00f3rum<\/a>, minden \u00e9v november\u00e9ben<\/li>\n\n\n\n<li><a href=\"https:\/\/dtk.elte.hu\/specializacio-valaszto-forum-2023\/\" target=\"_blank\" rel=\"noreferrer noopener\">Specializ\u00e1ci\u00f3 V\u00e1laszt\u00f3 F\u00f3rum<\/a>, minden \u00e9v tavaszi f\u00e9l\u00e9v\u00e9nek v\u00e9g\u00e9n (Bp.)<\/li>\n\n\n\n<li><a href=\"https:\/\/dtk.elte.hu\/mesterkepzes-valaszto-forum-2023\/\" target=\"_blank\" rel=\"noreferrer noopener\">Mesterk\u00e9pz\u00e9s V\u00e1laszt\u00f3 F\u00f3rum<\/a>, minden \u00e9v okt\u00f3ber\u00e9ben<\/li>\n\n\n\n<li><a href=\"https:\/\/dtk.elte.hu\/category\/workshop\/\" target=\"_blank\" rel=\"noreferrer noopener\">tr\u00e9ningek\/workshopok<\/a> k\u00fcl\u00f6nb\u00f6z\u0151 t\u00e9m\u00e1kban, <a href=\"https:\/\/dtk.elte.hu\/category\/varosjarok\/\">v\u00e1rosn\u00e9z\u0151 kultur\u00e1lis s\u00e9t\u00e1k, t\u00far\u00e1k<\/a><\/li>\n\n\n\n<li>mentorprogram oktat\u00f3kkal \u00e9s fels\u0151bb\u00e9ves un. senior hallgat\u00f3kkal a k\u00f6vetkez\u0151 kurzusok keret\u00e9ben, az oktat\u00f3k \u00e9s seniorok sz\u00e1m\u00e1ra interv\u00edzi\u00f3s alkalmak szervez\u00e9se \u00e9s tart\u00e1sa, emellett k\u00fcls\u0151s pszichol\u00f3gus tr\u00e9nerek beszervez\u00e9se a kurzusok tr\u00e9ning r\u00e9sz\u00e9nek megtart\u00e1s\u00e1ra:\n<ul class=\"wp-block-list\">\n<li><a href=\"https:\/\/dtk.elte.hu\/golyaknak\/egyetemi-alapozo-es-tanulasmodszertani-kurzus\/\" target=\"_blank\" rel=\"noreferrer noopener\">Egyetemi alapoz\u00f3 \u00e9s tanul\u00e1sm\u00f3dszertani kurzus, k\u00f6telez\u0151 t\u00e1rgy PTI BSc nappali tanrendesek sz\u00e1m\u00e1ra (Bp., Szh.)<\/a><\/li>\n\n\n\n<li>Egyetemi alapoz\u00f3 \u00e9s tanul\u00e1sm\u00f3dszertani kurzus, szabad kredites t\u00e1rgy tan\u00e1rk\u00e9pz\u00e9sen (Bp.)<\/li>\n\n\n\n<li><a href=\"https:\/\/dtk.elte.hu\/palyaszocializacio-es-tanulasmodszertan\/\">P\u00e1lyaszocializ\u00e1ci\u00f3 \u00e9s tanul\u00e1sm\u00f3dszertan kurzus, k\u00f6telez\u0151, tanrendbe \u00e9p\u00edtett els\u0151 f\u00e9l\u00e9ves t\u00e1rgy PTI (fejleszt\u0151) fels\u0151oktat\u00e1si szakk\u00e9pz\u00e9sen (Bp., Szh.)<\/a><\/li>\n\n\n\n<li><a href=\"https:\/\/dtk.elte.hu\/a-kurzusrol-bsc-esti\/\" target=\"_blank\" rel=\"noreferrer noopener\">P\u00e1lyaszocializ\u00e1ci\u00f3 \u00e9s karriermenedzsment, szabad kredites t\u00e1rgy PTI BSc esti tanrendes k\u00e9pz\u00e9sen (Bp.)<\/a><\/li>\n\n\n\n<li><a href=\"https:\/\/dtk.elte.hu\/teammenedzsment-kurzus\/\">Teammenedzsment alapjai &#8211; kort\u00e1rs k\u00f6z\u00f6ss\u00e9gszervez\u00e9s az egyetemen \u00e9s munkahelyen<\/a><\/li>\n<\/ul>\n<\/li>\n\n\n\n<li>demonstr\u00e1tor (oktat\u00e1si tev\u00e9kenys\u00e9get seg\u00edt\u0151 hallgat\u00f3k) felk\u00e9sz\u00edt\u0151 tr\u00e9ningek a f\u00e9l\u00e9vek elej\u00e9n, f\u00e9l\u00e9v k\u00f6zben demonstr\u00e1tor interv\u00edzi\u00f3s alkalmak szervez\u00e9se \u00e9s tart\u00e1sa<\/li>\n<\/ul>\n\n\n\n<p><\/p>\n","protected":false},"excerpt":{"rendered":"<p>A Di\u00e1kt\u00e1mogat\u00f3 K\u00f6zpont (r\u00f6viden DTK) c\u00e9lja, hogy az ELTE IK hallgat\u00f3it t\u00e1mogassa tanulm\u00e1nyaik sikeres elv\u00e9gz\u00e9s\u00e9ben. A folyamatos fejl\u0151d\u00e9s \u00e9rdek\u00e9ben, a DTK kutat\u00e1sokat v\u00e9gez, eredm\u00e9nyeit tudom\u00e1nyos foly\u00f3iratokban jelen\u00edti meg. Kutat\u00f3csoport Tak\u00e1cs Rita, PhD, tan\u00e1csad\u00f3 szakpszichol\u00f3gus, a DTK vezet\u0151jeBerzsenyi Lili, pszichol\u00f3gusCseterki Tam\u00e1s, pszichol\u00f3gusGogibedasvili Anna, pszichol\u00f3gus (Szombathelyi Campus)Gyimesi Benedek, pszichol\u00f3gus, PhD hallgat\u00f3Kolumb\u00e1n P\u00e1l, pszichol\u00f3gus, PhD hallgat\u00f3Mih\u00e1ly Albert, tan\u00e1csad\u00f3&hellip;&nbsp;<a href=\"http:\/\/dropoutprevention.inf.elte.hu\/index.php\/aboutus\/\" rel=\"bookmark\">Read More &raquo;<span class=\"screen-reader-text\">Bemutatkoz\u00e1s<\/span><\/a><\/p>\n","protected":false},"author":1,"featured_media":0,"parent":0,"menu_order":0,"comment_status":"closed","ping_status":"open","template":"","meta":{"neve_meta_sidebar":"","neve_meta_container":"","neve_meta_enable_content_width":"","neve_meta_content_width":0,"neve_meta_title_alignment":"","neve_meta_author_avatar":"","neve_post_elements_order":"","neve_meta_disable_header":"","neve_meta_disable_footer":"","neve_meta_disable_title":"","footnotes":""},"class_list":["post-3","page","type-page","status-publish","hentry"],"_links":{"self":[{"href":"http:\/\/dropoutprevention.inf.elte.hu\/index.php\/wp-json\/wp\/v2\/pages\/3","targetHints":{"allow":["GET"]}}],"collection":[{"href":"http:\/\/dropoutprevention.inf.elte.hu\/index.php\/wp-json\/wp\/v2\/pages"}],"about":[{"href":"http:\/\/dropoutprevention.inf.elte.hu\/index.php\/wp-json\/wp\/v2\/types\/page"}],"author":[{"embeddable":true,"href":"http:\/\/dropoutprevention.inf.elte.hu\/index.php\/wp-json\/wp\/v2\/users\/1"}],"replies":[{"embeddable":true,"href":"http:\/\/dropoutprevention.inf.elte.hu\/index.php\/wp-json\/wp\/v2\/comments?post=3"}],"version-history":[{"count":21,"href":"http:\/\/dropoutprevention.inf.elte.hu\/index.php\/wp-json\/wp\/v2\/pages\/3\/revisions"}],"predecessor-version":[{"id":279,"href":"http:\/\/dropoutprevention.inf.elte.hu\/index.php\/wp-json\/wp\/v2\/pages\/3\/revisions\/279"}],"wp:attachment":[{"href":"http:\/\/dropoutprevention.inf.elte.hu\/index.php\/wp-json\/wp\/v2\/media?parent=3"}],"curies":[{"name":"wp","href":"https:\/\/api.w.org\/{rel}","templated":true}]}}